CRAN Package Check Results for Package BTLLasso

Last updated on 2023-01-30 12:55:13 CET.

Flavor Version Tinstall Tcheck Ttotal Status Flags
r-devel-linux-x86_64-debian-clang 0.1-11 49.65 104.39 154.04 NOTE
r-devel-linux-x86_64-debian-gcc 0.1-11 41.20 80.08 121.28 NOTE
r-devel-linux-x86_64-fedora-clang 0.1-11 205.73 NOTE
r-devel-linux-x86_64-fedora-gcc 0.1-11 198.70 NOTE
r-devel-windows-x86_64 0.1-11 55.00 154.00 209.00 NOTE
r-patched-linux-x86_64 0.1-11 46.55 100.20 146.75 NOTE
r-release-linux-x86_64 0.1-11 47.30 102.25 149.55 NOTE
r-release-macos-arm64 0.1-11 48.00 OK
r-release-macos-x86_64 0.1-11 65.00 OK
r-release-windows-x86_64 0.1-11 52.00 154.00 206.00 OK
r-oldrel-macos-arm64 0.1-11 55.00 OK
r-oldrel-macos-x86_64 0.1-11 98.00 OK
r-oldrel-windows-ix86+x86_64 0.1-11 117.00 164.00 281.00 OK

Check Details

Version: 0.1-11
Check: package dependencies
Result: NOTE
    Package suggested but not available for checking: ‘gvcm.cat’
Flavors: r-devel-linux-x86_64-debian-clang, r-devel-linux-x86_64-debian-gcc, r-devel-linux-x86_64-fedora-clang, r-devel-linux-x86_64-fedora-gcc, r-patched-linux-x86_64, r-release-linux-x86_64

Version: 0.1-11
Check: Rd cross-references
Result: NOTE
    Unknown package ‘gvcm.cat’ in Rd xrefs
Flavors: r-devel-linux-x86_64-debian-clang, r-devel-linux-x86_64-debian-gcc, r-devel-linux-x86_64-fedora-clang, r-devel-linux-x86_64-fedora-gcc, r-patched-linux-x86_64, r-release-linux-x86_64

Version: 0.1-11
Check: C++ specification
Result: NOTE
     Specified C++11: please update to current default of C++17
Flavors: r-devel-linux-x86_64-debian-gcc, r-devel-linux-x86_64-fedora-clang, r-devel-linux-x86_64-fedora-gcc, r-devel-windows-x86_64