CRAN Package Check Results for Package BSW

Last updated on 2022-08-13 00:50:54 CEST.

Flavor Version Tinstall Tcheck Ttotal Status Flags
r-devel-linux-x86_64-debian-clang 0.1.1 7.67 74.25 81.92 NOTE
r-devel-linux-x86_64-debian-gcc 0.1.1 5.85 57.36 63.21 NOTE
r-devel-linux-x86_64-fedora-clang 0.1.1 112.04 NOTE
r-devel-linux-x86_64-fedora-gcc 0.1.1 111.17 NOTE
r-devel-windows-x86_64 0.1.1 16.00 97.00 113.00 NOTE
r-patched-linux-x86_64 0.1.1 6.68 73.99 80.67 NOTE
r-release-linux-x86_64 0.1.1 7.31 73.36 80.67 NOTE
r-release-macos-arm64 0.1.1 31.00 NOTE
r-release-macos-x86_64 0.1.1 49.00 NOTE
r-release-windows-x86_64 0.1.1 17.00 104.00 121.00 NOTE
r-oldrel-macos-arm64 0.1.1 37.00 NOTE
r-oldrel-macos-x86_64 0.1.1 64.00 NOTE
r-oldrel-windows-ix86+x86_64 0.1.1 17.00 92.00 109.00 NOTE

Check Details

Version: 0.1.1
Check: LazyData
Result: NOTE
     'LazyData' is specified without a 'data' directory
Flavors: r-devel-linux-x86_64-debian-clang, r-devel-linux-x86_64-debian-gcc, r-devel-linux-x86_64-fedora-clang, r-devel-linux-x86_64-fedora-gcc, r-devel-windows-x86_64, r-patched-linux-x86_64, r-release-linux-x86_64, r-release-macos-arm64, r-release-macos-x86_64, r-release-windows-x86_64, r-oldrel-macos-arm64, r-oldrel-macos-x86_64, r-oldrel-windows-ix86+x86_64