CRAN Package Check Results for Package BSL

Last updated on 2022-09-30 00:49:10 CEST.

Flavor Version Tinstall Tcheck Ttotal Status Flags
r-devel-linux-x86_64-debian-clang 3.2.4 52.71 146.33 199.04 WARN
r-devel-linux-x86_64-debian-gcc 3.2.4 42.39 107.73 150.12 OK
r-devel-linux-x86_64-fedora-clang 3.2.4 277.22 WARN
r-devel-linux-x86_64-fedora-gcc 3.2.4 260.02 NOTE
r-devel-windows-x86_64 3.2.4 67.00 198.00 265.00 OK
r-patched-linux-x86_64 3.2.4 51.19 132.49 183.68 OK
r-release-linux-x86_64 3.2.4 50.03 133.87 183.90 OK
r-release-macos-arm64 3.2.4 60.00 NOTE
r-release-macos-x86_64 3.2.4 121.00 NOTE
r-release-windows-x86_64 3.2.4 70.00 188.00 258.00 OK
r-oldrel-macos-arm64 3.2.4 51.00 NOTE
r-oldrel-macos-x86_64 3.2.4 88.00 NOTE
r-oldrel-windows-ix86+x86_64 3.2.4 135.00 219.00 354.00 OK

Additional issues

clang14

Check Details

Version: 3.2.4
Check: whether package can be installed
Result: WARN
    Found the following significant warnings:
     simulate_toad.cpp:155:17: warning: use of bitwise '|' with boolean operands [-Wbitwise-instead-of-logical]
     simulate_toad.cpp:182:17: warning: use of bitwise '|' with boolean operands [-Wbitwise-instead-of-logical]
Flavors: r-devel-linux-x86_64-debian-clang, r-devel-linux-x86_64-fedora-clang

Version: 3.2.4
Check: dependencies in R code
Result: NOTE
    Namespace in Imports field not imported from: ‘DBI’
     All declared Imports should be used.
Flavors: r-devel-linux-x86_64-fedora-clang, r-devel-linux-x86_64-fedora-gcc, r-release-macos-arm64, r-release-macos-x86_64, r-oldrel-macos-arm64, r-oldrel-macos-x86_64