CRAN Package Check Results for Package BRDT

Last updated on 2024-05-29 00:54:19 CEST.

Flavor Version Tinstall Tcheck Ttotal Status Flags
r-devel-linux-x86_64-debian-clang 0.1.0 2.18 39.49 41.67 NOTE
r-devel-linux-x86_64-debian-gcc 0.1.0 1.78 29.47 31.25 NOTE
r-devel-linux-x86_64-fedora-clang 0.1.0 51.72 NOTE
r-devel-windows-x86_64 0.1.0 3.00 53.00 56.00 NOTE
r-patched-linux-x86_64 0.1.0 2.60 38.18 40.78 NOTE
r-release-linux-x86_64 0.1.0 1.50 38.45 39.95 NOTE
r-release-macos-arm64 0.1.0 26.00 NOTE
r-release-windows-x86_64 0.1.0 3.00 54.00 57.00 NOTE
r-oldrel-macos-arm64 0.1.0 26.00 NOTE
r-oldrel-macos-x86_64 0.1.0 39.00 NOTE
r-oldrel-windows-x86_64 0.1.0 3.00 54.00 57.00 NOTE

Check Details

Version: 0.1.0
Check: package subdirectories
Result: NOTE Problems with news in ‘NEWS.md’: No news entries found. Flavors: r-devel-linux-x86_64-debian-clang, r-devel-linux-x86_64-debian-gcc, r-devel-linux-x86_64-fedora-clang, r-devel-windows-x86_64, r-patched-linux-x86_64, r-release-linux-x86_64, r-release-macos-arm64, r-release-windows-x86_64, r-oldrel-macos-arm64, r-oldrel-macos-x86_64, r-oldrel-windows-x86_64

Version: 0.1.0
Check: LazyData
Result: NOTE 'LazyData' is specified without a 'data' directory Flavors: r-devel-linux-x86_64-debian-clang, r-devel-linux-x86_64-debian-gcc, r-devel-linux-x86_64-fedora-clang, r-devel-windows-x86_64, r-patched-linux-x86_64, r-release-linux-x86_64, r-release-macos-arm64, r-release-windows-x86_64, r-oldrel-macos-arm64, r-oldrel-macos-x86_64, r-oldrel-windows-x86_64