CRAN Package Check Results for Package BOSSreg

Last updated on 2022-08-14 06:51:41 CEST.

Flavor Version Tinstall Tcheck Ttotal Status Flags
r-devel-linux-x86_64-debian-clang 0.2.0 32.76 52.57 85.33 NOTE
r-devel-linux-x86_64-debian-gcc 0.2.0 25.89 40.00 65.89 NOTE
r-devel-linux-x86_64-fedora-clang 0.2.0 123.73 NOTE
r-devel-linux-x86_64-fedora-gcc 0.2.0 116.81 NOTE
r-devel-windows-x86_64 0.2.0 34.00 112.00 146.00 NOTE
r-patched-linux-x86_64 0.2.0 25.15 49.35 74.50 NOTE
r-release-linux-x86_64 0.2.0 28.41 49.92 78.33 NOTE
r-release-macos-arm64 0.2.0 37.00 NOTE
r-release-macos-x86_64 0.2.0 45.00 NOTE
r-release-windows-x86_64 0.2.0 36.00 118.00 154.00 NOTE
r-oldrel-macos-arm64 0.2.0 42.00 NOTE
r-oldrel-macos-x86_64 0.2.0 61.00 NOTE
r-oldrel-windows-ix86+x86_64 0.2.0 83.00 112.00 195.00 NOTE

Check Details

Version: 0.2.0
Check: LazyData
Result: NOTE
     'LazyData' is specified without a 'data' directory
Flavors: r-devel-linux-x86_64-debian-clang, r-devel-linux-x86_64-debian-gcc, r-devel-linux-x86_64-fedora-clang, r-devel-linux-x86_64-fedora-gcc, r-devel-windows-x86_64, r-patched-linux-x86_64, r-release-linux-x86_64, r-release-macos-arm64, r-release-macos-x86_64, r-release-windows-x86_64, r-oldrel-macos-arm64, r-oldrel-macos-x86_64, r-oldrel-windows-ix86+x86_64