CRAN Package Check Results for Package BLModel

Last updated on 2024-06-17 00:49:54 CEST.

Flavor Version Tinstall Tcheck Ttotal Status Flags
r-devel-linux-x86_64-debian-clang 1.0.2 2.16 26.44 28.60 NOTE
r-devel-linux-x86_64-debian-gcc 1.0.2 1.75 20.52 22.27 NOTE
r-devel-linux-x86_64-fedora-clang 1.0.2 36.29 NOTE
r-devel-linux-x86_64-fedora-gcc 1.0.2 34.83 NOTE
r-devel-windows-x86_64 1.0.2 2.00 46.00 48.00 NOTE
r-patched-linux-x86_64 1.0.2 2.24 25.09 27.33 NOTE
r-release-linux-x86_64 1.0.2 2.28 25.49 27.77 NOTE
r-release-macos-arm64 1.0.2 17.00 NOTE
r-release-macos-x86_64 1.0.2 27.00 NOTE
r-release-windows-x86_64 1.0.2 3.00 50.00 53.00 NOTE
r-oldrel-macos-arm64 1.0.2 19.00 NOTE
r-oldrel-macos-x86_64 1.0.2 22.00 NOTE
r-oldrel-windows-x86_64 1.0.2 3.00 48.00 51.00 NOTE

Check Details

Version: 1.0.2
Check: LazyData
Result: NOTE 'LazyData' is specified without a 'data' directory Flavors: r-devel-linux-x86_64-debian-clang, r-devel-linux-x86_64-debian-gcc, r-devel-linux-x86_64-fedora-clang, r-devel-linux-x86_64-fedora-gcc, r-devel-windows-x86_64, r-patched-linux-x86_64, r-release-linux-x86_64, r-release-macos-arm64, r-release-macos-x86_64, r-release-windows-x86_64, r-oldrel-macos-arm64, r-oldrel-macos-x86_64, r-oldrel-windows-x86_64