Last updated on 2023-09-25 01:03:30 CEST.
Flavor | Version | Tinstall | Tcheck | Ttotal | Status | Flags |
---|---|---|---|---|---|---|
r-devel-linux-x86_64-debian-clang | 0.2.0 | 810.78 | 365.25 | 1176.03 | NOTE | |
r-devel-linux-x86_64-debian-gcc | 0.2.0 | 707.53 | 391.67 | 1099.20 | NOTE | |
r-devel-linux-x86_64-fedora-clang | 0.2.0 | 1519.15 | NOTE | |||
r-devel-linux-x86_64-fedora-gcc | 0.2.0 | 1820.84 | NOTE | |||
r-devel-windows-x86_64 | 0.2.0 | 627.00 | 400.00 | 1027.00 | NOTE | |
r-patched-linux-x86_64 | 0.2.0 | 596.69 | 493.68 | 1090.37 | NOTE | |
r-release-linux-x86_64 | 0.2.0 | 655.01 | 485.37 | 1140.38 | NOTE | |
r-release-macos-arm64 | 0.2.0 | 401.00 | NOTE | |||
r-release-macos-x86_64 | 0.2.0 | 625.00 | NOTE | |||
r-release-windows-x86_64 | 0.2.0 | 836.00 | 471.00 | 1307.00 | NOTE | |
r-oldrel-macos-arm64 | 0.2.0 | 316.00 | NOTE | |||
r-oldrel-macos-x86_64 | 0.2.0 | 584.00 | NOTE | |||
r-oldrel-windows-x86_64 | 0.2.0 | 780.00 | 442.00 | 1222.00 | NOTE |
Version: 0.2.0
Check: for GNU extensions in Makefiles
Result: NOTE
GNU make is a SystemRequirements.
Flavors: r-devel-linux-x86_64-debian-clang, r-devel-linux-x86_64-debian-gcc, r-devel-linux-x86_64-fedora-clang, r-devel-linux-x86_64-fedora-gcc, r-devel-windows-x86_64, r-patched-linux-x86_64, r-release-linux-x86_64, r-release-macos-arm64, r-release-macos-x86_64, r-release-windows-x86_64, r-oldrel-macos-arm64, r-oldrel-macos-x86_64, r-oldrel-windows-x86_64
Version: 0.2.0
Check: installed package size
Result: NOTE
installed size is 7.8Mb
sub-directories of 1Mb or more:
libs 7.2Mb
Flavors: r-devel-linux-x86_64-fedora-clang, r-devel-windows-x86_64, r-release-macos-arm64, r-release-macos-x86_64, r-release-windows-x86_64, r-oldrel-macos-arm64, r-oldrel-macos-x86_64, r-oldrel-windows-x86_64