CRAN Package Check Results for Package BINtools

Last updated on 2022-09-27 12:52:46 CEST.

Flavor Version Tinstall Tcheck Ttotal Status Flags
r-devel-linux-x86_64-debian-clang 0.2.0 738.70 240.32 979.02 NOTE
r-devel-linux-x86_64-debian-gcc 0.2.0 674.75 227.68 902.43 NOTE
r-devel-linux-x86_64-fedora-clang 0.2.0 1196.38 NOTE
r-devel-linux-x86_64-fedora-gcc 0.2.0 1560.47 NOTE
r-devel-windows-x86_64 0.2.0 482.00 399.00 881.00 NOTE
r-patched-linux-x86_64 0.2.0 0.02 3.27 3.29 ERROR
r-release-linux-x86_64 0.2.0 521.56 310.53 832.09 NOTE
r-release-macos-arm64 0.2.0 316.00 NOTE
r-release-macos-x86_64 0.2.0 584.00 NOTE
r-release-windows-x86_64 0.2.0 890.00 390.00 1280.00 NOTE
r-oldrel-macos-arm64 0.2.0 329.00 NOTE
r-oldrel-macos-x86_64 0.2.0 410.00 NOTE
r-oldrel-windows-ix86+x86_64 0.2.0 1016.00 18.00 1034.00 ERROR

Check Details

Version: 0.2.0
Check: for GNU extensions in Makefiles
Result: NOTE
    GNU make is a SystemRequirements.
Flavors: r-devel-linux-x86_64-debian-clang, r-devel-linux-x86_64-debian-gcc, r-devel-linux-x86_64-fedora-clang, r-devel-linux-x86_64-fedora-gcc, r-devel-windows-x86_64, r-release-linux-x86_64, r-release-macos-arm64, r-release-macos-x86_64, r-release-windows-x86_64, r-oldrel-macos-arm64, r-oldrel-macos-x86_64

Version: 0.2.0
Check: installed package size
Result: NOTE
     installed size is 7.8Mb
     sub-directories of 1Mb or more:
     libs 7.3Mb
Flavors: r-devel-linux-x86_64-fedora-clang, r-devel-windows-x86_64, r-release-macos-arm64, r-release-macos-x86_64, r-release-windows-x86_64, r-oldrel-macos-arm64, r-oldrel-macos-x86_64

Version: 0.2.0
Check: whether package can be installed
Result: ERROR
    Installation failed.
Flavors: r-patched-linux-x86_64, r-oldrel-windows-ix86+x86_64