Last updated on 2023-02-04 12:57:07 CET.
Flavor | Version | Tinstall | Tcheck | Ttotal | Status | Flags |
---|---|---|---|---|---|---|
r-devel-linux-x86_64-debian-clang | 1.81.0-1 | 31.65 | 45.40 | 77.05 | OK | |
r-devel-linux-x86_64-debian-gcc | 1.81.0-1 | 20.72 | 34.81 | 55.53 | OK | |
r-devel-linux-x86_64-fedora-clang | 1.81.0-1 | 66.44 | NOTE | |||
r-devel-linux-x86_64-fedora-gcc | 1.81.0-1 | 61.55 | OK | |||
r-devel-windows-x86_64 | 1.81.0-1 | 4778.00 | 469.00 | 5247.00 | NOTE | |
r-patched-linux-x86_64 | 1.81.0-1 | 29.90 | 43.13 | 73.03 | OK | |
r-release-linux-x86_64 | 1.81.0-1 | 31.52 | 44.81 | 76.33 | OK | |
r-release-macos-arm64 | 1.81.0-1 | 52.00 | NOTE | |||
r-release-macos-x86_64 | 1.81.0-1 | 111.00 | NOTE | |||
r-release-windows-x86_64 | 1.81.0-1 | 509.00 | 259.00 | 768.00 | NOTE | |
r-oldrel-macos-arm64 | 1.81.0-1 | 51.00 | NOTE | |||
r-oldrel-macos-x86_64 | 1.81.0-1 | 110.00 | NOTE | |||
r-oldrel-windows-ix86+x86_64 | 1.81.0-1 | 95.00 | 77.00 | 172.00 | NOTE |
Version: 1.81.0-1
Check: installed package size
Result: NOTE
installed size is 155.7Mb
sub-directories of 1Mb or more:
include 155.6Mb
Flavors: r-devel-linux-x86_64-fedora-clang, r-devel-windows-x86_64, r-release-macos-arm64, r-release-macos-x86_64, r-release-windows-x86_64, r-oldrel-macos-arm64, r-oldrel-macos-x86_64, r-oldrel-windows-ix86+x86_64