CRAN Package Check Results for Package BGVAR

Last updated on 2020-10-29 13:48:39 CET.

Flavor Version Tinstall Tcheck Ttotal Status Flags
r-devel-linux-x86_64-debian-clang 2.1.3 112.78 282.20 394.98 OK
r-devel-linux-x86_64-debian-gcc 2.1.3 89.39 200.33 289.72 OK
r-devel-linux-x86_64-fedora-clang 2.1.3 496.33 NOTE
r-devel-linux-x86_64-fedora-gcc 2.1.3 513.64 OK
r-devel-windows-ix86+x86_64 2.1.3 252.00 433.00 685.00 NOTE
r-patched-linux-x86_64 2.1.3 112.86 261.97 374.83 OK
r-patched-solaris-x86 2.1.3 534.00 NOTE
r-release-linux-x86_64 2.1.3 111.07 260.94 372.01 OK
r-release-macos-x86_64 2.1.3 NOTE
r-release-windows-ix86+x86_64 2.1.3 194.00 324.00 518.00 NOTE
r-oldrel-macos-x86_64 2.1.3 NOTE
r-oldrel-windows-ix86+x86_64 2.1.3 221.00 407.00 628.00 NOTE

Additional issues

donttest

Check Details

Version: 2.1.3
Check: installed package size
Result: NOTE
     installed size is 10.3Mb
     sub-directories of 1Mb or more:
     doc 3.3Mb
     libs 5.6Mb
Flavors: r-devel-linux-x86_64-fedora-clang, r-devel-windows-ix86+x86_64, r-patched-solaris-x86, r-release-macos-x86_64, r-release-windows-ix86+x86_64, r-oldrel-macos-x86_64, r-oldrel-windows-ix86+x86_64