CRAN Package Check Results for Package BGData

Last updated on 2020-06-01 13:49:29 CEST.

Flavor Version Tinstall Tcheck Ttotal Status Flags
r-devel-linux-x86_64-debian-clang 2.1.0 7.28 57.40 64.68 NOTE
r-devel-linux-x86_64-debian-gcc 2.1.0 5.29 44.07 49.36 NOTE
r-devel-linux-x86_64-fedora-clang 2.1.0 86.18 WARN
r-devel-linux-x86_64-fedora-gcc 2.1.0 77.58 NOTE
r-devel-windows-ix86+x86_64 2.1.0 18.00 126.00 144.00 OK
r-patched-linux-x86_64 2.1.0 6.17 56.80 62.97 NOTE
r-patched-solaris-x86 2.1.0 104.10 NOTE
r-release-linux-x86_64 2.1.0 6.87 57.12 63.99 NOTE
r-release-osx-x86_64 2.1.0 OK
r-release-windows-ix86+x86_64 2.1.0 16.00 92.00 108.00 OK
r-oldrel-osx-x86_64 2.1.0 OK
r-oldrel-windows-ix86+x86_64 2.1.0 17.00 95.00 112.00 OK

Check Details

Version: 2.1.0
Check: for non-standard things in the check directory
Result: NOTE
    Found the following files/directories:
     'BGData_chr1'
Flavors: r-devel-linux-x86_64-debian-clang, r-devel-linux-x86_64-debian-gcc, r-devel-linux-x86_64-fedora-clang, r-devel-linux-x86_64-fedora-gcc, r-patched-linux-x86_64, r-patched-solaris-x86, r-release-linux-x86_64

Version: 2.1.0
Check: package dependencies
Result: WARN
    Requires orphaned package: ‘bit’
Flavor: r-devel-linux-x86_64-fedora-clang