CRAN Package Check Results for Package BCE

Last updated on 2022-08-20 07:07:52 CEST.

Flavor Version Tinstall Tcheck Ttotal Status Flags
r-devel-linux-x86_64-debian-clang 2.2.0 10.79 93.48 104.27 NOTE
r-devel-linux-x86_64-debian-gcc 2.2.0 7.92 80.67 88.59 NOTE
r-devel-linux-x86_64-fedora-clang 2.2.0 136.40 NOTE
r-devel-linux-x86_64-fedora-gcc 2.2.0 139.49 NOTE
r-devel-windows-x86_64 2.2.0 17.00 119.00 136.00 NOTE
r-patched-linux-x86_64 2.2.0 11.62 90.10 101.72 OK
r-release-linux-x86_64 2.2.0 OK
r-release-macos-arm64 2.2.0 48.00 OK
r-release-macos-x86_64 2.2.0 53.00 OK
r-release-windows-x86_64 2.2.0 20.00 119.00 139.00 OK
r-oldrel-macos-arm64 2.2.0 43.00 OK
r-oldrel-macos-x86_64 2.2.0 55.00 OK
r-oldrel-windows-ix86+x86_64 2.2.0 19.00 117.00 136.00 OK

Check Details

Version: 2.2.0
Check: Rd files
Result: NOTE
    checkRd: (-1) tlsce.Rd:51: Escaped LaTeX specials: \_
    checkRd: (-1) tlsce.Rd:55: Escaped LaTeX specials: \_
    checkRd: (-1) tlsce.Rd:90: Escaped LaTeX specials: \_
    checkRd: (-1) tlsce.Rd:93: Escaped LaTeX specials: \_
Flavors: r-devel-linux-x86_64-debian-clang, r-devel-linux-x86_64-debian-gcc, r-devel-linux-x86_64-fedora-clang, r-devel-linux-x86_64-fedora-gcc, r-devel-windows-x86_64