CRAN Package Check Results for Package BCC1997

Last updated on 2024-06-17 00:49:54 CEST.

Flavor Version Tinstall Tcheck Ttotal Status Flags
r-devel-linux-x86_64-debian-clang 0.1.1 2.46 21.09 23.55 NOTE
r-devel-linux-x86_64-debian-gcc 0.1.1 1.89 16.52 18.41 NOTE
r-devel-linux-x86_64-fedora-clang 0.1.1 29.61 NOTE
r-devel-linux-x86_64-fedora-gcc 0.1.1 28.06 NOTE
r-devel-windows-x86_64 0.1.1 2.00 38.00 40.00 NOTE
r-patched-linux-x86_64 0.1.1 2.09 20.51 22.60 NOTE
r-release-linux-x86_64 0.1.1 2.33 20.40 22.73 NOTE
r-release-macos-arm64 0.1.1 15.00 NOTE
r-release-macos-x86_64 0.1.1 26.00 NOTE
r-release-windows-x86_64 0.1.1 3.00 36.00 39.00 NOTE
r-oldrel-macos-arm64 0.1.1 16.00 NOTE
r-oldrel-macos-x86_64 0.1.1 19.00 NOTE
r-oldrel-windows-x86_64 0.1.1 2.00 36.00 38.00 NOTE

Check Details

Version: 0.1.1
Check: LazyData
Result: NOTE 'LazyData' is specified without a 'data' directory Flavors: r-devel-linux-x86_64-debian-clang, r-devel-linux-x86_64-debian-gcc, r-devel-linux-x86_64-fedora-clang, r-devel-linux-x86_64-fedora-gcc, r-devel-windows-x86_64, r-patched-linux-x86_64, r-release-linux-x86_64, r-release-macos-arm64, r-release-macos-x86_64, r-release-windows-x86_64, r-oldrel-macos-arm64, r-oldrel-macos-x86_64, r-oldrel-windows-x86_64