CRAN Package Check Results for Package BALLI

Last updated on 2020-10-26 13:46:52 CET.

Flavor Version Tinstall Tcheck Ttotal Status Flags
r-devel-linux-x86_64-debian-clang 0.2.0 5.56 129.60 135.16 OK
r-devel-linux-x86_64-debian-gcc 0.2.0 4.47 91.38 95.85 OK
r-devel-linux-x86_64-fedora-clang 0.2.0 158.53 OK
r-devel-linux-x86_64-fedora-gcc 0.2.0 159.82 OK
r-devel-windows-ix86+x86_64 0.2.0 14.00 135.00 149.00 OK
r-patched-linux-x86_64 0.2.0 5.36 117.67 123.03 OK
r-patched-solaris-x86 0.2.0 198.20 OK
r-release-linux-x86_64 0.2.0 5.04 115.49 120.53 OK
r-release-macos-x86_64 0.2.0 OK
r-release-windows-ix86+x86_64 0.2.0 12.00 107.00 119.00 OK
r-oldrel-macos-x86_64 0.2.0 WARN
r-oldrel-windows-ix86+x86_64 0.2.0 11.00 154.00 165.00 OK

Check Details

Version: 0.2.0
Check: whether package can be installed
Result: WARN
    Found the following significant warnings:
     Warning: package ‘edgeR’ was built under R version 3.6.1
Flavor: r-oldrel-macos-x86_64