CRAN Package Check Results for Package BALCONY

Last updated on 2022-09-28 18:48:50 CEST.

Flavor Version Tinstall Tcheck Ttotal Status Flags
r-devel-linux-x86_64-debian-clang 0.2.10 21.68 219.61 241.29 NOTE
r-devel-linux-x86_64-debian-gcc 0.2.10 19.79 159.31 179.10 NOTE
r-devel-linux-x86_64-fedora-clang 0.2.10 316.84 NOTE
r-devel-linux-x86_64-fedora-gcc 0.2.10 289.56 NOTE
r-devel-windows-x86_64 0.2.10 57.00 245.00 302.00 OK
r-patched-linux-x86_64 0.2.10 21.23 209.72 230.95 NOTE
r-release-linux-x86_64 0.2.10 17.42 204.31 221.73 NOTE
r-release-macos-arm64 0.2.10 71.00 NOTE
r-release-macos-x86_64 0.2.10 99.00 NOTE
r-release-windows-x86_64 0.2.10 36.00 240.00 276.00 OK
r-oldrel-macos-arm64 0.2.10 90.00 NOTE
r-oldrel-macos-x86_64 0.2.10 139.00 NOTE
r-oldrel-windows-ix86+x86_64 0.2.10 47.00 234.00 281.00 OK

Check Details

Version: 0.2.10
Check: for non-standard things in the check directory
Result: NOTE
    Found the following files/directories:
     'exemplary_input1.txt' 'exemplary_input2.txt'
Flavors: r-devel-linux-x86_64-debian-clang, r-devel-linux-x86_64-debian-gcc, r-devel-linux-x86_64-fedora-clang, r-devel-linux-x86_64-fedora-gcc, r-patched-linux-x86_64, r-release-linux-x86_64

Version: 0.2.10
Check: dependencies in R code
Result: NOTE
    Namespace in Imports field not imported from: ‘base’
     All declared Imports should be used.
Flavors: r-devel-linux-x86_64-fedora-clang, r-devel-linux-x86_64-fedora-gcc, r-release-macos-arm64, r-release-macos-x86_64, r-oldrel-macos-arm64, r-oldrel-macos-x86_64