CRAN Package Check Results for Package AzureVM

Last updated on 2024-06-15 19:54:54 CEST.

Flavor Version Tinstall Tcheck Ttotal Status Flags
r-devel-linux-x86_64-debian-clang 2.2.2 8.75 43.20 51.95 OK
r-devel-linux-x86_64-debian-gcc 2.2.2 6.36 32.94 39.30 OK
r-devel-linux-x86_64-fedora-clang 2.2.2 65.77 OK
r-devel-linux-x86_64-fedora-gcc 2.2.2 73.98 OK
r-devel-windows-x86_64 2.2.2 8.00 56.00 64.00 OK
r-patched-linux-x86_64 2.2.2 8.73 41.34 50.07 OK
r-release-linux-x86_64 2.2.2 7.07 42.45 49.52 OK
r-release-macos-arm64 2.2.2 28.00 OK
r-release-macos-x86_64 2.2.2 60.00 NOTE
r-release-windows-x86_64 2.2.2 7.00 61.00 68.00 OK
r-oldrel-macos-arm64 2.2.2 28.00 OK
r-oldrel-macos-x86_64 2.2.2 43.00 NOTE
r-oldrel-windows-x86_64 2.2.2 9.00 60.00 69.00 OK

Check Details

Version: 2.2.2
Check: package dependencies
Result: NOTE Package suggested but not available for checking: ‘AzureKeyVault’ Flavors: r-release-macos-x86_64, r-oldrel-macos-x86_64