CRAN Package Check Results for Package AzureContainers

Last updated on 2022-09-25 18:51:19 CEST.

Flavor Version Tinstall Tcheck Ttotal Status Flags
r-devel-linux-x86_64-debian-clang 1.3.2 6.32 37.21 43.53 OK
r-devel-linux-x86_64-debian-gcc 1.3.2 6.38 29.14 35.52 OK
r-devel-linux-x86_64-fedora-clang 1.3.2 70.04 NOTE
r-devel-linux-x86_64-fedora-gcc 1.3.2 65.43 NOTE
r-devel-windows-x86_64 1.3.2 127.00 77.00 204.00 OK
r-patched-linux-x86_64 1.3.2 12.61 35.39 48.00 OK
r-release-linux-x86_64 1.3.2 5.28 36.02 41.30 OK
r-release-macos-arm64 1.3.2 27.00 NOTE
r-release-macos-x86_64 1.3.2 39.00 NOTE
r-release-windows-x86_64 1.3.2 77.00 73.00 150.00 OK
r-oldrel-macos-arm64 1.3.2 28.00 NOTE
r-oldrel-macos-x86_64 1.3.2 34.00 NOTE
r-oldrel-windows-ix86+x86_64 1.3.2 14.00 62.00 76.00 OK

Check Details

Version: 1.3.2
Check: dependencies in R code
Result: NOTE
    Namespace in Imports field not imported from: ‘openssl’
     All declared Imports should be used.
Flavors: r-devel-linux-x86_64-fedora-clang, r-devel-linux-x86_64-fedora-gcc, r-release-macos-arm64, r-release-macos-x86_64, r-oldrel-macos-arm64, r-oldrel-macos-x86_64

Version: 1.3.2
Check: Rd cross-references
Result: NOTE
    Undeclared package ‘AzureAuth’ in Rd xrefs
Flavor: r-devel-linux-x86_64-fedora-clang