CRAN Package Check Results for Package AvInertia

Last updated on 2022-08-17 12:55:08 CEST.

Flavor Version Tinstall Tcheck Ttotal Status Flags
r-devel-linux-x86_64-debian-clang 0.0.2 4.34 141.72 146.06 OK
r-devel-linux-x86_64-debian-gcc 0.0.2 OK
r-devel-linux-x86_64-fedora-clang 0.0.2 174.33 NOTE
r-devel-linux-x86_64-fedora-gcc 0.0.2 175.96 NOTE
r-devel-windows-x86_64 0.0.2 30.00 164.00 194.00 OK
r-patched-linux-x86_64 0.0.2 5.27 130.60 135.87 OK
r-release-linux-x86_64 0.0.2 4.56 130.30 134.86 OK
r-release-macos-arm64 0.0.2 52.00 NOTE
r-release-macos-x86_64 0.0.2 84.00 NOTE
r-release-windows-x86_64 0.0.2 40.00 167.00 207.00 OK
r-oldrel-macos-arm64 0.0.2 34.00 NOTE
r-oldrel-macos-x86_64 0.0.2 62.00 NOTE
r-oldrel-windows-ix86+x86_64 0.0.2 10.00 166.00 176.00 OK

Check Details

Version: 0.0.2
Check: dependencies in R code
Result: NOTE
    Namespaces in Imports field not imported from:
     ‘readxl’ ‘reshape2’ ‘stringr’ ‘tidyr’
     All declared Imports should be used.
Flavors: r-devel-linux-x86_64-fedora-clang, r-devel-linux-x86_64-fedora-gcc, r-release-macos-arm64, r-release-macos-x86_64, r-oldrel-macos-arm64, r-oldrel-macos-x86_64