Last updated on 2022-08-14 18:49:08 CEST.
Flavor | Version | Tinstall | Tcheck | Ttotal | Status | Flags |
---|---|---|---|---|---|---|
r-devel-linux-x86_64-debian-clang | 0.1.3 | 3.20 | 42.36 | 45.56 | NOTE | |
r-devel-linux-x86_64-debian-gcc | 0.1.3 | 3.36 | 33.54 | 36.90 | NOTE | |
r-devel-linux-x86_64-fedora-clang | 0.1.3 | 68.63 | NOTE | |||
r-devel-linux-x86_64-fedora-gcc | 0.1.3 | 66.99 | NOTE | |||
r-devel-windows-x86_64 | 0.1.3 | 27.00 | 73.00 | 100.00 | NOTE | |
r-patched-linux-x86_64 | 0.1.3 | 3.66 | 41.50 | 45.16 | NOTE | |
r-release-linux-x86_64 | 0.1.3 | 4.60 | 42.23 | 46.83 | NOTE | |
r-release-macos-arm64 | 0.1.3 | 24.00 | NOTE | |||
r-release-macos-x86_64 | 0.1.3 | 35.00 | NOTE | |||
r-release-windows-x86_64 | 0.1.3 | 62.00 | 77.00 | 139.00 | NOTE | |
r-oldrel-macos-arm64 | 0.1.3 | 26.00 | NOTE | |||
r-oldrel-macos-x86_64 | 0.1.3 | 37.00 | NOTE | |||
r-oldrel-windows-ix86+x86_64 | 0.1.3 | 14.00 | 66.00 | 80.00 | NOTE |
Version: 0.1.3
Check: LazyData
Result: NOTE
'LazyData' is specified without a 'data' directory
Flavors: r-devel-linux-x86_64-debian-clang, r-devel-linux-x86_64-debian-gcc, r-devel-linux-x86_64-fedora-clang, r-devel-linux-x86_64-fedora-gcc, r-devel-windows-x86_64, r-patched-linux-x86_64, r-release-linux-x86_64, r-release-macos-arm64, r-release-macos-x86_64, r-release-windows-x86_64, r-oldrel-macos-arm64, r-oldrel-macos-x86_64, r-oldrel-windows-ix86+x86_64