CRAN Package Check Results for Package AntMAN

Last updated on 2022-09-26 12:53:16 CEST.

Flavor Version Tinstall Tcheck Ttotal Status Flags
r-devel-linux-x86_64-debian-clang 1.1.0 74.07 346.02 420.09 OK
r-devel-linux-x86_64-debian-gcc 1.1.0 56.92 349.27 406.19 OK
r-devel-linux-x86_64-fedora-clang 1.1.0 NOTE
r-devel-linux-x86_64-fedora-gcc 1.1.0 488.22 NOTE
r-devel-windows-x86_64 1.1.0 88.00 405.00 493.00 OK
r-patched-linux-x86_64 1.1.0 54.74 350.88 405.62 OK
r-release-linux-x86_64 1.1.0 56.63 326.24 382.87 OK
r-release-macos-arm64 1.1.0 119.00 NOTE
r-release-macos-x86_64 1.1.0 203.00 NOTE
r-release-windows-x86_64 1.1.0 78.00 369.00 447.00 OK
r-oldrel-macos-arm64 1.1.0 136.00 NOTE
r-oldrel-macos-x86_64 1.1.0 148.00 NOTE
r-oldrel-windows-ix86+x86_64 1.1.0 173.00 665.00 838.00 OK

Check Details

Version: 1.1.0
Check: dependencies in R code
Result: NOTE
    Namespaces in Imports field not imported from:
     ‘Rdpack’ ‘mcclust’
     All declared Imports should be used.
Flavors: r-devel-linux-x86_64-fedora-clang, r-devel-linux-x86_64-fedora-gcc, r-release-macos-arm64, r-release-macos-x86_64, r-oldrel-macos-arm64, r-oldrel-macos-x86_64

Version: 1.1.0
Check: installed package size
Result: NOTE
     installed size is 5.7Mb
     sub-directories of 1Mb or more:
     libs 5.4Mb
Flavors: r-release-macos-arm64, r-release-macos-x86_64, r-oldrel-macos-arm64, r-oldrel-macos-x86_64