CRAN Package Check Results for Package AnnoProbe

Last updated on 2022-08-11 12:55:25 CEST.

Flavor Version Tinstall Tcheck Ttotal Status Flags
r-devel-linux-x86_64-debian-clang 0.1.6 16.83 86.13 102.96 OK
r-devel-linux-x86_64-debian-gcc 0.1.6 12.86 63.58 76.44 OK
r-devel-linux-x86_64-fedora-clang 0.1.6 132.98 OK
r-devel-linux-x86_64-fedora-gcc 0.1.6 132.77 OK
r-devel-windows-x86_64 0.1.6 27.00 127.00 154.00 OK
r-patched-linux-x86_64 0.1.6 16.28 80.98 97.26 OK
r-release-linux-x86_64 0.1.6 OK
r-release-macos-arm64 0.1.6 46.00 OK
r-release-macos-x86_64 0.1.6 76.00 OK
r-release-windows-x86_64 0.1.6 27.00 114.00 141.00 OK
r-oldrel-macos-arm64 0.1.6 48.00 NOTE
r-oldrel-macos-x86_64 0.1.6 59.00 OK
r-oldrel-windows-ix86+x86_64 0.1.6 35.00 102.00 137.00 OK

Check Details

Version: 0.1.6
Check: package dependencies
Result: NOTE
    Package suggested but not available for checking: ‘GEOquery’
Flavor: r-oldrel-macos-arm64