CRAN Package Check Results for Package AnimalHabitatNetwork

Last updated on 2022-08-16 12:52:54 CEST.

Flavor Version Tinstall Tcheck Ttotal Status Flags
r-devel-linux-x86_64-debian-clang 0.1.0 5.27 55.33 60.60 NOTE
r-devel-linux-x86_64-debian-gcc 0.1.0 4.56 41.22 45.78 NOTE
r-devel-linux-x86_64-fedora-clang 0.1.0 81.35 NOTE
r-devel-linux-x86_64-fedora-gcc 0.1.0 84.02 NOTE
r-devel-windows-x86_64 0.1.0 38.00 74.00 112.00 NOTE
r-patched-linux-x86_64 0.1.0 5.00 52.23 57.23 OK
r-release-linux-x86_64 0.1.0 5.68 51.60 57.28 OK
r-release-macos-arm64 0.1.0 25.00 OK
r-release-macos-x86_64 0.1.0 35.00 OK
r-release-windows-x86_64 0.1.0 31.00 79.00 110.00 OK
r-oldrel-macos-arm64 0.1.0 30.00 OK
r-oldrel-macos-x86_64 0.1.0 52.00 OK
r-oldrel-windows-ix86+x86_64 0.1.0 16.00 76.00 92.00 OK

Check Details

Version: 0.1.0
Check: package subdirectories
Result: NOTE
    Problems with news in 'NEWS.md':
    No news entries found.
Flavors: r-devel-linux-x86_64-debian-clang, r-devel-linux-x86_64-debian-gcc, r-devel-linux-x86_64-fedora-clang, r-devel-linux-x86_64-fedora-gcc, r-devel-windows-x86_64