CRAN Package Check Results for Package AeroSampleR

Last updated on 2025-01-18 06:48:16 CET.

Flavor Version Tinstall Tcheck Ttotal Status Flags
r-devel-linux-x86_64-debian-clang 0.2.0 2.14 33.81 35.95 OK
r-devel-linux-x86_64-debian-gcc 0.2.0 1.46 26.10 27.56 OK
r-devel-linux-x86_64-fedora-clang 0.2.0 60.44 NOTE
r-devel-linux-x86_64-fedora-gcc 0.2.0 70.04 NOTE
r-devel-windows-x86_64 0.2.0 5.00 56.00 61.00 OK
r-patched-linux-x86_64 0.2.0 2.11 31.82 33.93 OK
r-release-linux-x86_64 0.2.0 2.30 31.96 34.26 OK
r-release-macos-arm64 0.2.0 27.00 OK
r-release-macos-x86_64 0.2.0 41.00 OK
r-release-windows-x86_64 0.2.0 6.00 54.00 60.00 OK
r-oldrel-macos-arm64 0.2.0 28.00 OK
r-oldrel-macos-x86_64 0.2.0 44.00 OK
r-oldrel-windows-x86_64 0.2.0 5.00 66.00 71.00 OK

Check Details

Version: 0.2.0
Check: dependencies in R code
Result: NOTE Namespace in Imports field not imported from: ‘flextable’ All declared Imports should be used. Flavors: r-devel-linux-x86_64-fedora-clang, r-devel-linux-x86_64-fedora-gcc