CRAN Package Check Results for Package AWR.Athena

Last updated on 2022-09-30 12:55:03 CEST.

Flavor Version Tinstall Tcheck Ttotal Status Flags
r-devel-linux-x86_64-debian-clang 2.0.7-0 6.67 44.89 51.56 NOTE
r-devel-linux-x86_64-debian-gcc 2.0.7-0 4.69 34.28 38.97 NOTE
r-devel-linux-x86_64-fedora-clang 2.0.7-0 78.32 NOTE
r-devel-linux-x86_64-fedora-gcc 2.0.7-0 69.79 NOTE
r-devel-windows-x86_64 2.0.7-0 25.00 70.00 95.00 NOTE
r-patched-linux-x86_64 2.0.7-0 5.20 43.21 48.41 NOTE
r-release-linux-x86_64 2.0.7-0 5.90 43.82 49.72 NOTE
r-release-macos-arm64 2.0.7-0 47.00 NOTE
r-release-macos-x86_64 2.0.7-0 46.00 NOTE
r-release-windows-x86_64 2.0.7-0 25.00 70.00 95.00 NOTE
r-oldrel-macos-arm64 2.0.7-0 45.00 NOTE
r-oldrel-macos-x86_64 2.0.7-0 53.00 NOTE
r-oldrel-windows-ix86+x86_64 2.0.7-0 16.00 69.00 85.00 NOTE

Check Details

Version: 2.0.7-0
Check: LazyData
Result: NOTE
     'LazyData' is specified without a 'data' directory
Flavors: r-devel-linux-x86_64-debian-clang, r-devel-linux-x86_64-debian-gcc, r-devel-linux-x86_64-fedora-clang, r-devel-linux-x86_64-fedora-gcc, r-devel-windows-x86_64, r-patched-linux-x86_64, r-release-linux-x86_64, r-release-macos-arm64, r-release-macos-x86_64, r-release-windows-x86_64, r-oldrel-macos-arm64, r-oldrel-macos-x86_64, r-oldrel-windows-ix86+x86_64

Version: 2.0.7-0
Check: installed package size
Result: NOTE
     installed size is 7.9Mb
     sub-directories of 1Mb or more:
     java 7.8Mb
Flavors: r-devel-linux-x86_64-fedora-clang, r-devel-windows-x86_64, r-release-macos-arm64, r-release-macos-x86_64, r-release-windows-x86_64, r-oldrel-macos-arm64, r-oldrel-macos-x86_64, r-oldrel-windows-ix86+x86_64