CRAN Package Check Results for Package ASV

Last updated on 2022-10-04 07:49:41 CEST.

Flavor Version Tinstall Tcheck Ttotal Status Flags
r-devel-linux-x86_64-debian-clang 1.1.0 58.58 53.55 112.13 OK
r-devel-linux-x86_64-debian-gcc 1.1.0 42.42 40.16 82.58 OK
r-devel-linux-x86_64-fedora-clang 1.1.0 151.84 OK
r-devel-linux-x86_64-fedora-gcc 1.1.0 146.56 OK
r-devel-windows-x86_64 1.1.0 44.00 112.00 156.00 OK
r-patched-linux-x86_64 1.1.0 49.90 49.79 99.69 OK
r-release-linux-x86_64 1.1.0 48.83 49.35 98.18 OK
r-release-macos-arm64 1.1.0 40.00 NOTE
r-release-macos-x86_64 1.1.0 52.00 NOTE
r-release-windows-x86_64 1.1.0 50.00 112.00 162.00 OK
r-oldrel-macos-arm64 1.1.0 33.00 NOTE
r-oldrel-macos-x86_64 1.1.0 58.00 NOTE
r-oldrel-windows-ix86+x86_64 1.1.0 122.00 159.00 281.00 OK

Check Details

Version: 1.1.0
Check: installed package size
Result: NOTE
     installed size is 6.4Mb
     sub-directories of 1Mb or more:
     libs 6.3Mb
Flavors: r-release-macos-arm64, r-release-macos-x86_64, r-oldrel-macos-arm64, r-oldrel-macos-x86_64