CRAN Package Check Results for Package ASMap

Last updated on 2022-08-15 12:53:53 CEST.

Flavor Version Tinstall Tcheck Ttotal Status Flags
r-devel-linux-x86_64-debian-clang 1.0-4 29.94 461.69 491.63 NOTE
r-devel-linux-x86_64-debian-gcc 1.0-4 24.30 402.95 427.25 NOTE
r-devel-linux-x86_64-fedora-clang 1.0-4 565.43 NOTE
r-devel-linux-x86_64-fedora-gcc 1.0-4 686.22 NOTE
r-devel-windows-x86_64 1.0-4 34.00 98.00 132.00 OK --no-examples --no-tests --no-vignettes
r-patched-linux-x86_64 1.0-4 30.08 497.38 527.46 NOTE
r-release-linux-x86_64 1.0-4 30.45 512.16 542.61 NOTE
r-release-macos-arm64 1.0-4 236.00 OK
r-release-macos-x86_64 1.0-4 432.00 OK
r-release-windows-x86_64 1.0-4 45.00 97.00 142.00 OK --no-examples --no-tests --no-vignettes
r-oldrel-macos-arm64 1.0-4 256.00 OK
r-oldrel-macos-x86_64 1.0-4 400.00 OK
r-oldrel-windows-ix86+x86_64 1.0-4 68.00 121.00 189.00 OK --no-examples --no-tests --no-vignettes

Check Details

Version: 1.0-4
Check: for non-standard things in the check directory
Result: NOTE
    Found the following files/directories:
     'MSToutput.txt'
Flavors: r-devel-linux-x86_64-debian-clang, r-devel-linux-x86_64-debian-gcc, r-devel-linux-x86_64-fedora-clang, r-devel-linux-x86_64-fedora-gcc, r-patched-linux-x86_64, r-release-linux-x86_64