CRAN Package Check Results for Package ARCokrig

Last updated on 2022-09-28 12:55:12 CEST.

Flavor Version Tinstall Tcheck Ttotal Status Flags
r-devel-linux-x86_64-debian-clang 0.1.2 78.33 83.09 161.42 OK
r-devel-linux-x86_64-debian-gcc 0.1.2 62.21 61.75 123.96 OK
r-devel-linux-x86_64-fedora-clang 0.1.2 219.81 OK
r-devel-linux-x86_64-fedora-gcc 0.1.2 212.76 OK
r-devel-windows-x86_64 0.1.2 68.00 128.00 196.00 OK
r-patched-linux-x86_64 0.1.2 65.29 78.71 144.00 OK
r-release-linux-x86_64 0.1.2 65.49 76.72 142.21 OK
r-release-macos-arm64 0.1.2 52.00 NOTE
r-release-macos-x86_64 0.1.2 70.00 NOTE
r-release-windows-x86_64 0.1.2 64.00 121.00 185.00 OK
r-oldrel-macos-arm64 0.1.2 45.00 NOTE
r-oldrel-macos-x86_64 0.1.2 66.00 NOTE
r-oldrel-windows-ix86+x86_64 0.1.2 161.00 138.00 299.00 OK

Check Details

Version: 0.1.2
Check: installed package size
Result: NOTE
     installed size is 18.2Mb
     sub-directories of 1Mb or more:
     libs 17.9Mb
Flavors: r-release-macos-arm64, r-release-macos-x86_64, r-oldrel-macos-arm64, r-oldrel-macos-x86_64