Last updated on 2023-02-02 21:49:54 CET.
Flavor | Version | Tinstall | Tcheck | Ttotal | Status | Flags |
---|---|---|---|---|---|---|
r-devel-linux-x86_64-debian-clang | 1.0.2 | 10.65 | 134.30 | 144.95 | NOTE | |
r-devel-linux-x86_64-debian-gcc | 1.0.2 | 8.95 | 99.17 | 108.12 | NOTE | |
r-devel-linux-x86_64-fedora-clang | 1.0.2 | 183.40 | NOTE | |||
r-devel-linux-x86_64-fedora-gcc | 1.0.2 | 195.30 | NOTE | |||
r-devel-windows-x86_64 | 1.0.2 | 40.00 | 170.00 | 210.00 | NOTE | |
r-patched-linux-x86_64 | 1.0.2 | 10.74 | 126.35 | 137.09 | OK | |
r-release-linux-x86_64 | 1.0.2 | 10.40 | 136.87 | 147.27 | OK | |
r-release-macos-arm64 | 1.0.2 | 54.00 | NOTE | |||
r-release-macos-x86_64 | 1.0.2 | 80.00 | NOTE | |||
r-release-windows-x86_64 | 1.0.2 | 44.00 | 207.00 | 251.00 | NOTE | |
r-oldrel-macos-arm64 | 1.0.2 | 77.00 | NOTE | |||
r-oldrel-macos-x86_64 | 1.0.2 | 121.00 | NOTE | |||
r-oldrel-windows-ix86+x86_64 | 1.0.2 | 24.00 | 178.00 | 202.00 | NOTE |
Version: 1.0.2
Check: Rd files
Result: NOTE
checkRd: (-1) AQuadtree-package.Rd:11: Escaped LaTeX specials: \$
Flavors: r-devel-linux-x86_64-debian-clang, r-devel-linux-x86_64-debian-gcc, r-devel-linux-x86_64-fedora-clang, r-devel-linux-x86_64-fedora-gcc, r-devel-windows-x86_64
Version: 1.0.2
Check: installed package size
Result: NOTE
installed size is 5.1Mb
sub-directories of 1Mb or more:
data 3.8Mb
Flavors: r-devel-linux-x86_64-fedora-clang, r-devel-windows-x86_64, r-release-macos-arm64, r-release-macos-x86_64, r-release-windows-x86_64, r-oldrel-macos-arm64, r-oldrel-macos-x86_64, r-oldrel-windows-ix86+x86_64