CRAN Package Check Results for Package AQuadtree

Last updated on 2023-12-08 00:51:49 CET.

Flavor Version Tinstall Tcheck Ttotal Status Flags
r-devel-linux-x86_64-debian-clang 1.0.4 12.09 124.49 136.58 OK
r-devel-linux-x86_64-debian-gcc 1.0.4 9.50 100.42 109.92 OK
r-devel-linux-x86_64-fedora-clang 1.0.4 180.01 OK
r-devel-linux-x86_64-fedora-gcc 1.0.4 187.10 OK
r-devel-windows-x86_64 1.0.4 11.00 126.00 137.00 OK
r-patched-linux-x86_64 1.0.4 13.28 111.68 124.96 OK
r-release-linux-x86_64 1.0.4 10.78 126.56 137.34 OK
r-release-macos-arm64 1.0.4 60.00 OK
r-release-macos-x86_64 1.0.4 94.00 NOTE
r-release-windows-x86_64 1.0.4 15.00 148.00 163.00 OK
r-oldrel-macos-arm64 1.0.4 60.00 OK
r-oldrel-macos-x86_64 1.0.4 89.00 OK
r-oldrel-windows-x86_64 1.0.4 15.00 149.00 164.00 OK

Check Details

Version: 1.0.4
Check: installed package size
Result: NOTE installed size is 5.8Mb sub-directories of 1Mb or more: data 4.7Mb Flavor: r-release-macos-x86_64