CRAN Package Check Results for Package ANOVAShiny

Last updated on 2020-05-25 01:48:46 CEST.

Flavor Version Tinstall Tcheck Ttotal Status Flags
r-devel-linux-x86_64-debian-clang 0.1.0 2.26 17.94 20.20 OK
r-devel-linux-x86_64-debian-gcc 0.1.0 1.76 14.32 16.08 OK
r-devel-linux-x86_64-fedora-clang 0.1.0 33.89 NOTE
r-devel-linux-x86_64-fedora-gcc 0.1.0 24.72 NOTE
r-devel-windows-ix86+x86_64 0.1.0 13.00 34.00 47.00 OK
r-patched-linux-x86_64 0.1.0 2.15 17.93 20.08 OK
r-patched-solaris-x86 0.1.0 38.30 NOTE
r-release-linux-x86_64 0.1.0 2.27 17.56 19.83 OK
r-release-osx-x86_64 0.1.0 NOTE
r-release-windows-ix86+x86_64 0.1.0 23.00 45.00 68.00 OK
r-oldrel-osx-x86_64 0.1.0 NOTE
r-oldrel-windows-ix86+x86_64 0.1.0 5.00 42.00 47.00 OK

Check Details

Version: 0.1.0
Check: dependencies in R code
Result: NOTE
    Namespaces in Imports field not imported from:
     ‘DescTools’ ‘HH’ ‘datasets’ ‘dplyr’ ‘rhandsontable’ ‘shiny’
     All declared Imports should be used.
Flavors: r-devel-linux-x86_64-fedora-clang, r-devel-linux-x86_64-fedora-gcc, r-patched-solaris-x86, r-release-osx-x86_64, r-oldrel-osx-x86_64