CRAN Package Check Results for Package AMR

Last updated on 2020-09-22 14:04:50 CEST.

Flavor Version Tinstall Tcheck Ttotal Status Flags
r-devel-linux-x86_64-debian-clang 1.3.0 24.13 144.87 169.00 OK
r-devel-linux-x86_64-debian-gcc 1.3.0 17.88 116.05 133.93 OK
r-devel-linux-x86_64-fedora-clang 1.3.0 224.02 NOTE
r-devel-linux-x86_64-fedora-gcc 1.3.0 251.63 OK
r-devel-windows-ix86+x86_64 1.3.0 43.00 178.00 221.00 NOTE
r-patched-linux-x86_64 1.3.0 21.53 142.35 163.88 OK
r-patched-solaris-x86 1.3.0 307.90 NOTE
r-release-linux-x86_64 1.3.0 20.25 144.79 165.04 OK
r-release-macos-x86_64 1.3.0 NOTE
r-release-windows-ix86+x86_64 1.3.0 44.00 182.00 226.00 NOTE
r-oldrel-macos-x86_64 1.3.0 NOTE
r-oldrel-windows-ix86+x86_64 1.3.0 33.00 135.00 168.00 NOTE

Check Details

Version: 1.3.0
Check: installed package size
Result: NOTE
     installed size is 5.1Mb
     sub-directories of 1Mb or more:
     data 3.2Mb
Flavors: r-devel-linux-x86_64-fedora-clang, r-devel-windows-ix86+x86_64, r-patched-solaris-x86, r-release-macos-x86_64, r-release-windows-ix86+x86_64, r-oldrel-macos-x86_64, r-oldrel-windows-ix86+x86_64