CRAN Package Check Results for Package AIPW

Last updated on 2022-09-26 21:52:51 CEST.

Flavor Version Tinstall Tcheck Ttotal Status Flags
r-devel-linux-x86_64-debian-clang 0.6.3.2 7.20 73.21 80.41 OK
r-devel-linux-x86_64-debian-gcc 0.6.3.2 5.26 53.02 58.28 OK
r-devel-linux-x86_64-fedora-clang 0.6.3.2 113.81 NOTE
r-devel-linux-x86_64-fedora-gcc 0.6.3.2 100.90 NOTE
r-devel-windows-x86_64 0.6.3.2 14.00 104.00 118.00 OK
r-patched-linux-x86_64 0.6.3.2 9.47 66.97 76.44 OK
r-release-linux-x86_64 0.6.3.2 7.12 68.40 75.52 OK
r-release-macos-arm64 0.6.3.2 31.00 NOTE
r-release-macos-x86_64 0.6.3.2 61.00 NOTE
r-release-windows-x86_64 0.6.3.2 14.00 104.00 118.00 OK
r-oldrel-macos-arm64 0.6.3.2 50.00 NOTE
r-oldrel-macos-x86_64 0.6.3.2 39.00 NOTE
r-oldrel-windows-ix86+x86_64 0.6.3.2 12.00 99.00 111.00 OK

Check Details

Version: 0.6.3.2
Check: dependencies in R code
Result: NOTE
    Namespaces in Imports field not imported from:
     ‘Rsolnp’ ‘SuperLearner’ ‘future.apply’ ‘ggplot2’ ‘progressr’ ‘stats’
     ‘utils’
     All declared Imports should be used.
Flavors: r-devel-linux-x86_64-fedora-clang, r-devel-linux-x86_64-fedora-gcc, r-release-macos-arm64, r-release-macos-x86_64, r-oldrel-macos-arm64, r-oldrel-macos-x86_64