CRAN Package Check Results for Package AFheritability

Last updated on 2024-05-26 00:56:08 CEST.

Flavor Version Tinstall Tcheck Ttotal Status Flags
r-devel-linux-x86_64-debian-clang 0.1.0 7.90 59.30 67.20 NOTE
r-devel-linux-x86_64-debian-gcc 0.1.0 5.38 44.86 50.24 NOTE
r-devel-linux-x86_64-fedora-clang 0.1.0 82.54 NOTE
r-devel-linux-x86_64-fedora-gcc 0.1.0 78.08 NOTE
r-devel-windows-x86_64 0.1.0 8.00 79.00 87.00 NOTE
r-patched-linux-x86_64 0.1.0 6.65 56.05 62.70 NOTE
r-release-linux-x86_64 0.1.0 6.07 58.01 64.08 NOTE
r-release-macos-arm64 0.1.0 28.00 NOTE
r-release-windows-x86_64 0.1.0 8.00 78.00 86.00 NOTE
r-oldrel-macos-arm64 0.1.0 31.00 NOTE
r-oldrel-macos-x86_64 0.1.0 43.00 NOTE
r-oldrel-windows-x86_64 0.1.0 10.00 76.00 86.00 NOTE

Check Details

Version: 0.1.0
Check: LazyData
Result: NOTE 'LazyData' is specified without a 'data' directory Flavors: r-devel-linux-x86_64-debian-clang, r-devel-linux-x86_64-debian-gcc, r-devel-linux-x86_64-fedora-clang, r-devel-linux-x86_64-fedora-gcc, r-devel-windows-x86_64, r-patched-linux-x86_64, r-release-linux-x86_64, r-release-macos-arm64, r-release-windows-x86_64, r-oldrel-macos-arm64, r-oldrel-macos-x86_64, r-oldrel-windows-x86_64