CRAN Package Check Results for Package ADGofTest

Last updated on 2024-06-20 18:48:06 CEST.

Flavor Version Tinstall Tcheck Ttotal Status Flags
r-devel-linux-x86_64-debian-clang 0.3 2.21 11.40 13.61 NOTE
r-devel-linux-x86_64-debian-gcc 0.3 1.31 9.80 11.11 NOTE
r-devel-linux-x86_64-fedora-clang 0.3 27.70 NOTE
r-devel-linux-x86_64-fedora-gcc 0.3 25.01 NOTE
r-devel-windows-x86_64 0.3 2.00 37.00 39.00 NOTE
r-patched-linux-x86_64 0.3 1.74 15.17 16.91 NOTE
r-release-linux-x86_64 0.3 1.65 11.73 13.38 NOTE
r-release-macos-arm64 0.3 13.00 NOTE
r-release-macos-x86_64 0.3 18.00 NOTE
r-release-windows-x86_64 0.3 3.00 43.00 46.00 NOTE
r-oldrel-macos-arm64 0.3 16.00 NOTE
r-oldrel-macos-x86_64 0.3 18.00 NOTE
r-oldrel-windows-x86_64 0.3 3.00 32.00 35.00 NOTE

Check Details

Version: 0.3
Check: DESCRIPTION meta-information
Result: NOTE Malformed Description field: should contain one or more complete sentences. Flavors: r-devel-linux-x86_64-debian-clang, r-devel-linux-x86_64-debian-gcc, r-devel-linux-x86_64-fedora-clang, r-devel-linux-x86_64-fedora-gcc, r-devel-windows-x86_64, r-patched-linux-x86_64, r-release-linux-x86_64, r-release-macos-arm64, r-release-macos-x86_64, r-release-windows-x86_64, r-oldrel-macos-arm64, r-oldrel-macos-x86_64, r-oldrel-windows-x86_64