CRAN Package Check Results for Package ABACUS

Last updated on 2022-08-16 12:52:54 CEST.

Flavor Version Tinstall Tcheck Ttotal Status Flags
r-devel-linux-x86_64-debian-clang 1.0.0 5.89 62.27 68.16 NOTE
r-devel-linux-x86_64-debian-gcc 1.0.0 5.06 47.51 52.57 NOTE
r-devel-linux-x86_64-fedora-clang 1.0.0 92.28 NOTE
r-devel-linux-x86_64-fedora-gcc 1.0.0 90.10 NOTE
r-devel-windows-x86_64 1.0.0 28.00 90.00 118.00 NOTE
r-patched-linux-x86_64 1.0.0 6.37 59.60 65.97 NOTE
r-release-linux-x86_64 1.0.0 5.98 59.82 65.80 NOTE
r-release-macos-arm64 1.0.0 28.00 NOTE
r-release-macos-x86_64 1.0.0 52.00 NOTE
r-release-windows-x86_64 1.0.0 26.00 93.00 119.00 NOTE
r-oldrel-macos-arm64 1.0.0 33.00 NOTE
r-oldrel-macos-x86_64 1.0.0 56.00 NOTE
r-oldrel-windows-ix86+x86_64 1.0.0 19.00 88.00 107.00 NOTE

Check Details

Version: 1.0.0
Check: LazyData
Result: NOTE
     'LazyData' is specified without a 'data' directory
Flavors: r-devel-linux-x86_64-debian-clang, r-devel-linux-x86_64-debian-gcc, r-devel-linux-x86_64-fedora-clang, r-devel-linux-x86_64-fedora-gcc, r-devel-windows-x86_64, r-patched-linux-x86_64, r-release-linux-x86_64, r-release-macos-arm64, r-release-macos-x86_64, r-release-windows-x86_64, r-oldrel-macos-arm64, r-oldrel-macos-x86_64, r-oldrel-windows-ix86+x86_64